{"id":29,"date":"2012-12-22T13:21:20","date_gmt":"2012-12-22T12:21:20","guid":{"rendered":"http:\/\/www.faciliter.ch\/?page_id=29"},"modified":"2020-02-14T08:19:21","modified_gmt":"2020-02-14T07:19:21","slug":"table-des-matieres","status":"publish","type":"page","link":"https:\/\/www.faciliter.ch\/?page_id=29","title":{"rendered":"Table des mati\u00e8res"},"content":{"rendered":"<p>Pr\u00e9ambule<\/p>\n<p>Pour quoi ce livre sur la coop\u00e9ration ?<br \/>\nSur quels v\u00e9cus se basent nos r\u00e9flexions ?<br \/>\nComment\u00a0sont pr\u00e9sent\u00e9s et structur\u00e9s nos propos ?<\/p>\n<p>1. Introduction g\u00e9n\u00e9rale<\/p>\n<p>1.1. Faciliter, animer, accompagner<br \/>\n1.2. Groupe et \u00e9quipe<br \/>\n1.3. Coop\u00e9rer\u2026<br \/>\n1.4. Dimensions \u00e0 prendre en consid\u00e9ration<\/p>\n<p>2.\u00a0Les dimensions et les interventions pour en prendre soin<\/p>\n<p>2.1. Sens partag\u00e9<br \/>\n2.2. Organisation<br \/>\n2.3. Implication des individus<br \/>\n2.4. Relations de groupe<br \/>\n2.5. Production<\/p>\n<p>3. Les autres aspects transversaux<\/p>\n<p>3.1. La communication<br \/>\n3.2. Les prises de d\u00e9cision<br \/>\n3.3. Les transformations dans le temps<br \/>\n3.4. Les liens avec l\u2019environnement<br \/>\n3.5. La r\u00e9flexivit\u00e9<br \/>\n3.6. La r\u00e9gulation<br \/>\n3.7.\u00a0Les comp\u00e9tences collectives<\/p>\n<p>4. La complexit\u00e9 des processus de coop\u00e9ration et de leur facilitation<\/p>\n<p>4.1. Les effets conjugu\u00e9s de plusieurs dimensions<br \/>\n4.2. L&rsquo;influence entre les dimensions<br \/>\n4.3. Des aspects d\u2019\u00e9mergence<br \/>\n4.4. Un subtil dosage d\u2019intuition et de raison<\/p>\n<p>5. Compl\u00e9ments<\/p>\n<p>5.1. Diff\u00e9rents dispositifs<br \/>\n5.2. M\u00e9thodes et outils<\/p>\n<p>Pour conclure : seul on va plus vite\u2026 ensemble on va plus loin<\/p>\n<p>&nbsp;<\/p>\n<p><em>Marc Thi\u00e9baud et J\u00fcrg Bichsel<\/em><\/p>\n<p>&nbsp;<\/p>\n","protected":false},"excerpt":{"rendered":"<p>Pr\u00e9ambule Pour quoi ce livre sur la coop\u00e9ration ? Sur quels v\u00e9cus se basent nos r\u00e9flexions ? Comment\u00a0sont pr\u00e9sent\u00e9s et structur\u00e9s nos propos ? 1. Introduction g\u00e9n\u00e9rale 1.1. Faciliter, animer, accompagner 1.2. Groupe et \u00e9quipe 1.3. Coop\u00e9rer\u2026 1.4. Dimensions \u00e0 prendre en consid\u00e9ration 2.\u00a0Les dimensions et les interventions pour en prendre soin 2.1. Sens partag\u00e9 [&hellip;]<\/p>\n","protected":false},"author":1,"featured_media":0,"parent":0,"menu_order":2,"comment_status":"open","ping_status":"open","template":"","meta":{"footnotes":""},"class_list":["post-29","page","type-page","status-publish","hentry"],"_links":{"self":[{"href":"https:\/\/www.faciliter.ch\/index.php?rest_route=\/wp\/v2\/pages\/29","targetHints":{"allow":["GET"]}}],"collection":[{"href":"https:\/\/www.faciliter.ch\/index.php?rest_route=\/wp\/v2\/pages"}],"about":[{"href":"https:\/\/www.faciliter.ch\/index.php?rest_route=\/wp\/v2\/types\/page"}],"author":[{"embeddable":true,"href":"https:\/\/www.faciliter.ch\/index.php?rest_route=\/wp\/v2\/users\/1"}],"replies":[{"embeddable":true,"href":"https:\/\/www.faciliter.ch\/index.php?rest_route=%2Fwp%2Fv2%2Fcomments&post=29"}],"version-history":[{"count":36,"href":"https:\/\/www.faciliter.ch\/index.php?rest_route=\/wp\/v2\/pages\/29\/revisions"}],"predecessor-version":[{"id":154,"href":"https:\/\/www.faciliter.ch\/index.php?rest_route=\/wp\/v2\/pages\/29\/revisions\/154"}],"wp:attachment":[{"href":"https:\/\/www.faciliter.ch\/index.php?rest_route=%2Fwp%2Fv2%2Fmedia&parent=29"}],"curies":[{"name":"wp","href":"https:\/\/api.w.org\/{rel}","templated":true}]}}

Table des matières

<p>Préambule</p>
<p>Pour quoi ce livre sur la coopération ?<br />
Sur quels vécus se basent nos réflexions ?<br />
Comment sont présentés et structurés nos propos ?</p>
<p>1. Introduction générale</p>
<p>1.1. Faciliter, animer, accompagner<br />
1.2. Groupe et équipe<br />
1.3. Coopérer…<br />
1.4. Dimensions à prendre en considération</p>
<p>2. Les dimensions et les interventions pour en prendre soin</p>
<p>2.1. Sens partagé<br />
2.2. Organisation<br />
2.3. Implication des individus<br />
2.4. Relations de groupe<br />
2.5. Production</p>
<p>3. Les autres aspects transversaux</p>
<p>3.1. La communication<br />
3.2. Les prises de décision<br />
3.3. Les transformations dans le temps<br />
3.4. Les liens avec l’environnement<br />
3.5. La réflexivité<br />
3.6. La régulation<br />
3.7. Les compétences collectives</p>
<p>4. La complexité des processus de coopération et de leur facilitation</p>
<p>4.1. Les effets conjugués de plusieurs dimensions<br />
4.2. L&rsquo;influence entre les dimensions<br />
4.3. Des aspects d’émergence<br />
4.4. Un subtil dosage d’intuition et de raison</p>
<p>5. Compléments</p>
<p>5.1. Différents dispositifs<br />
5.2. Méthodes et outils</p>
<p>Pour conclure : seul on va plus vite… ensemble on va plus loin</p>
<p>&nbsp;</p>
<p><em>Marc Thiébaud et Jürg Bichsel</em></p>
<p>&nbsp;</p>

<p>Préambule Pour quoi ce livre sur la coopération ? Sur quels vécus se basent nos réflexions ? Comment sont présentés et structurés nos propos ? 1. Introduction générale 1.1. Faciliter, animer, accompagner 1.2. Groupe et équipe 1.3. Coopérer… 1.4. Dimensions à prendre en considération 2. Les dimensions et les interventions pour en prendre soin 2.1. Sens partagé [&hellip;]</p>
