{"id":2,"date":"2012-12-21T15:51:39","date_gmt":"2012-12-21T15:51:39","guid":{"rendered":"http:\/\/www.faciliter.ch\/?page_id=2"},"modified":"2026-01-08T15:29:08","modified_gmt":"2026-01-08T14:29:08","slug":"page-d-exemple","status":"publish","type":"page","link":"https:\/\/www.faciliter.ch\/","title":{"rendered":""},"content":{"rendered":"<p>Bonjour,<\/p>\n<p>Ce site \u00e9tait d\u00e9di\u00e9 \u00e0 l&rsquo;\u00e9criture d&rsquo;un livre sur la coop\u00e9ration dans le travail en groupe.<br \/>\nIl avait \u00e9t\u00e9 cr\u00e9\u00e9 pour favoriser le dialogue avec les personnes int\u00e9ress\u00e9es \u00e0 apporter leurs commentaires.<\/p>\n<p>Ce livre a pris la forme d&rsquo;un coffret de cl\u00e9s et d&rsquo;outils pour faciliter la coop\u00e9ration (voir : <strong><a href=\"https:\/\/www.cooperer.org\">www.cooperer.org<\/a><\/strong>)<\/p>\n<p>Si vous avez des questions, vous pouvez nous envoyer un message via la page <strong><em><a title=\"Contact\" href=\"http:\/\/www.faciliter.ch\/?page_id=31\">Contact<\/a><\/em><\/strong>.<\/p>\n<p>D&rsquo;avance merci de votre aide !<\/p>\n<p>Marc Thi\u00e9baud et J\u00fcrg Bichsel<\/p>\n","protected":false},"excerpt":{"rendered":"<p>Bonjour, Ce site \u00e9tait d\u00e9di\u00e9 \u00e0 l&rsquo;\u00e9criture d&rsquo;un livre sur la coop\u00e9ration dans le travail en groupe. Il avait \u00e9t\u00e9 cr\u00e9\u00e9 pour favoriser le dialogue avec les personnes int\u00e9ress\u00e9es \u00e0 apporter leurs commentaires. Ce livre a pris la forme d&rsquo;un coffret de cl\u00e9s et d&rsquo;outils pour faciliter la coop\u00e9ration (voir : www.cooperer.org) Si vous avez [&hellip;]<\/p>\n","protected":false},"author":1,"featured_media":0,"parent":0,"menu_order":0,"comment_status":"open","ping_status":"open","template":"page-templates\/front-page.php","meta":{"footnotes":""},"class_list":["post-2","page","type-page","status-publish","hentry"],"_links":{"self":[{"href":"https:\/\/www.faciliter.ch\/index.php?rest_route=\/wp\/v2\/pages\/2","targetHints":{"allow":["GET"]}}],"collection":[{"href":"https:\/\/www.faciliter.ch\/index.php?rest_route=\/wp\/v2\/pages"}],"about":[{"href":"https:\/\/www.faciliter.ch\/index.php?rest_route=\/wp\/v2\/types\/page"}],"author":[{"embeddable":true,"href":"https:\/\/www.faciliter.ch\/index.php?rest_route=\/wp\/v2\/users\/1"}],"replies":[{"embeddable":true,"href":"https:\/\/www.faciliter.ch\/index.php?rest_route=%2Fwp%2Fv2%2Fcomments&post=2"}],"version-history":[{"count":27,"href":"https:\/\/www.faciliter.ch\/index.php?rest_route=\/wp\/v2\/pages\/2\/revisions"}],"predecessor-version":[{"id":201,"href":"https:\/\/www.faciliter.ch\/index.php?rest_route=\/wp\/v2\/pages\/2\/revisions\/201"}],"wp:attachment":[{"href":"https:\/\/www.faciliter.ch\/index.php?rest_route=%2Fwp%2Fv2%2Fmedia&parent=2"}],"curies":[{"name":"wp","href":"https:\/\/api.w.org\/{rel}","templated":true}]}}